digit of 4163?
6
What is the thousands digit of 35979?
5
What is the units digit of 53134?
4
What is the units digit of 268?
8
What is the thousands digit of 1371?
1
What is the units digit of 6389?
9
What is the units digit of 2000?
0
What is the hundreds digit of 7953?
9
What is the hundreds digit of 1359?
3
What is the tens digit of 52704?
0
What is the hundreds digit of 3768?
7
What is the hundreds digit of 12024?
0
What is the tens digit of 4606?
0
What is the units digit of 6819?
9
What is the units digit of 1072?
2
What is the hundreds digit of 8766?
7
What is the units digit of 1134?
4
What is the units digit of 25856?
6
What is the units digit of 659?
9
What is the units digit of 1646?
6
What is the hundreds digit of 10860?
8
What is the units digit of 97236?
6
What is the hundreds digit of 4360?
3
What is the tens digit of 50387?
8
What is the units digit of 23806?
6
What is the tens digit of 22268?
6
What is the tens digit of 418?
1
What is the thousands digit of 60583?
0
What is the thousands digit of 2501?
2
What is the tens digit of 2888?
8
What is the tens digit of 3004?
0
What is the thousands digit of 95355?
5
What is the units digit of 46?
6
What is the units digit of 13613?
3
What is the tens digit of 611?
1
What is the tens digit of 234?
3
What is the thousands digit of 6657?
6
What is the hundreds digit of 27054?
0
What is the ten thousands digit of 85787?
8
What is the hundred thousands digit of 120963?
1
What is the thousands digit of 2813?
2
What is the units digit of 427?
7
What is the ten thousands digit of 13413?
1
What is the hundred thousands digit of 117779?
1
What is the ten thousands digit of 36712?
3
What is the hundreds digit of 60153?
1
What is the hundreds digit of 4892?
8
What is the ten thousands digit of 76075?
7
What is the hundreds digit of 538?
5
What is the hundreds digit of 74763?
7
What is the units digit of 33808?
8
What is the hundreds digit of 23321?
3
What is the hundreds digit of 11472?
4
What is the thousands digit of 1395?
1
What is the tens digit of 10180?
8
What is the hundreds digit of 13227?
2
What is the units digit of 1873?
3
What is the ten thousands digit of 163125?
6
What is the units digit of 43190?
0
What is the hundreds digit of 8269?
2
What is the tens digit of 2827?
2
What is the units digit of 3503?
3
What is the units digit of 4898?
8
What is the tens digit of 7648?
4
What is the ten thousands digit of 51050?
5
What is the units digit of 27484?
4
What is the hundreds digit of 3884?
8
What is the ten thousands digit of 30398?
3
What is the ten thousands digit of 59281?
5
What is the hundreds digit of 1994?
9
What is the tens digit of 167165?
6
What is the thousands digit of 54179?
4
What is the ten thousands digit of 30275?
3
What is the thousands digit of 2040?
2
What is the units digit of 692?
2
What is the units digit of 25640?
0
What is the units digit of 684?
4
What is the hundreds digit of 4296?
2
What is the units digit of 10807?
7
What is the hundreds digit of 12604?
6
What is the units digit of 628?
8
What is the tens digit of 35044?
4
What is the units digit of 7425?
5
What is the units digit of 14334?
4
What is the units digit of 219?
9
What is the tens digit of 6480?
8
What is the hundreds digit of 12394?
3
What is the units digit of 1075?
5
What is the hundreds digit of 952?
9
What is the units digit of 10315?
5
What is the tens digit of 750?
5
What is the thousands digit of 19238?
9
What is the hundreds digit of 67739?
7
What is the hundreds digit of 5320?
3
What is the hundreds digit of 4268?
2
What is the tens digit of 49227?
2
What is the tens digit of 537?
3
What is the units digit of 1077?
7
What is the thousands digit of 9438?
9
What is the tens digit of 762?
6
What is the units digit of 25649?
9
What is the thousands digit of 1423?
1
What is the units digit of 1606?
6
What is the thousands digit of 12131?
2
What is the units digit of 1119?
9
What is the hundreds digit of 21912?
9
What is the hundreds digit of 11101?
1
What is the hundreds digit of 2635?
6
What is the tens digit of 2105?
0
What is the units digit of 9536?
6
What is the hundreds digit of 318?
3
What is the hundreds digit of 72905?
9
What is the thousands digit of 2193?
2
What is the tens digit of 41?
4
What is the hundreds digit of 877?
8
What is the ten thousands digit of 14153?
1
What is the ten thousands digit of 141989?
4
What is the ten thousands digit of 99487?
9
What is the units digit of 1539?
9
What is the hundreds digit of 4488?
4
What is the thousands digit of 51678?
1
What is the units digit of 176?
6
What is the units digit of 22723?
3
What is the hundreds digit of 1001?
0
What is the tens digit of 1151?
5
What is the tens digit of 416?
1
What is the thousands digit of 1491?
1
What is the thousands digit of 1421?
1
What is the ten thousands digit of 13047?
1
What is the thousands digit of 25498?
5
What is the ten thousands digit of 11786?
1
What is the ten thousands digit of 98734?
9
What is the tens digit of 245?
4
What is the ten thousands digit of 58816?
5
What is the hundreds digit of 5851?
8
What is the tens digit of 73?
7
What is the units digit of 16699?
9
What is the thousands digit of 8666?
8
What is the units digit of 19441?
1
What is the tens digit of 220?
2
What is the units digit of 3604?
4
What is the units digit of 29?
9
What is the units digit of 22070?
0
What is the thousands digit of 18498?
8
What is the hundreds digit of 415?
4
What is the units digit of 10653?
3
What is the units digit of 583?
3
What is the units digit of 2510?
0
What is the units digit of 2566?
6
What is the ten thousands digit of 94540?
9
What is the units digit of 3904?
4
What is the hundreds digit of 666?
6
What is the hundreds digit of 8906?
9
What is the units digit of 852?
2
What is the tens digit of 18645?
4
What is the tens digit of 1631?
3
What is the hundreds digit of 2122?
1
What is the units digit of 4532?
2
What is the tens digit of 11849?
4
What is the ten thousands digit of 14747?
1
What is the units digit of 9365?
5
What is the hundreds digit of 2561?
5
What is the units digit of 81328?
8
What is the ten thousands digit of 108687?
0
What is the ten thousands digit of 27160?
2
What is the ten thousands digit of 154540?
5
What is the units digit of 4719?
9
What is the tens digit of 700?
0
What is the hundreds digit of 22112?
1
What is the thousands digit of 3039?
3
What is the units digit of 1056?
6
What is the tens digit of 27798?
9
What is the hundreds digit of 4167?
1
What is the tens digit of 15492?
9
What is the thousands digit of 1121?
1
What is the hundreds digit of 27419?
4
What is the ten thousands digit of 15641?
1
What is the units digit of 82908?
8
What is the units digit of 977?
7
What is the thousands digit of 10472?
0
What is the thousands digit of 3455?
3
What is the units digit of 8415?
5
What is the ten thousands digit of 17079?
1
What is the hundreds digit of 433?
4
What is the tens digit of 3524?
2
What is the tens digit of 114945?
4
What is the units digit of 169?
9
What is the hundreds digit of 56671?
6
What is the ten thousands digit of 21590?
2
What is the units digit of 2386?
6
What is the hundreds digit of 15207?
2
What is the hundreds digit of 3866?
8
What is the tens digit of 206?
0
What is the hundreds digit of 9410?
4
What is the ten thousands digit of 31028?
3
What is the tens digit of 1245?
4
What is the tens digit of 8805?
0
What is the units digit of 922?
2
What is the units digit of 324?
4
What is the thousands digit of 22790?
2
What is the units digit of 23888?
8
What is the tens digit of 6517?
1
What is the thousands digit of 9848?
9
What is the thousands digit of 25890?
5
What is the tens digit of 21378?
7
What is the hundreds digit of 2656?
6
What is the ten thousands digit of 16704?
1
What is the units digit of 142511?
1
What is the tens digit of 1781?
8
What is the tens digit of 40696?
9
What is the units digit of 817?
7
What is the units digit of 17970?
0
What is the ten thousands digit of 48334?
4
What is the hundreds digit of 1355?
3
What is the hundreds digit of 39538?
5
What is the thousands digit of 1407?
1
What is the hundreds digit of 4598?
5
What is the thousands digit of 1911?
1
What is the tens digit of 1150?
5
What is the